{"id":1779,"date":"2022-10-25T12:05:45","date_gmt":"2022-10-25T12:05:45","guid":{"rendered":"https:\/\/jesed.cat\/index.php\/que-hacemos-copy\/"},"modified":"2022-11-04T13:08:02","modified_gmt":"2022-11-04T13:08:02","slug":"contacto","status":"publish","type":"page","link":"https:\/\/jesed.cat\/index.php\/contacto\/","title":{"rendered":"Contacto"},"content":{"rendered":"<div class=\"wpb-content-wrapper\"><p>[vc_row bg_type=\u00bbimage\u00bb parallax_style=\u00bbvcpb-default\u00bb bg_image_new=\u00bbid^883|url^https:\/\/jesed.cat\/wp-content\/uploads\/2019\/07\/bg-art-church.png|caption^null|alt^null|title^bg-art-church|description^null\u00bb bg_image_repeat=\u00bbno-repeat\u00bb bg_override=\u00bbfull\u00bb enable_overlay=\u00bbenable_overlay_value\u00bb overlay_color=\u00bbrgba(52,66,30,0.5)\u00bb overlay_pattern_opacity=\u00bb10&#8243; css=\u00bb.vc_custom_1666111778179{padding-top: 15px !important;padding-bottom: 50px !important;}\u00bb][vc_column]<div id=\"ultimate-heading-50269e372caa1c25\" class=\"uvc-heading ult-adjust-bottom-margin ultimate-heading-50269e372caa1c25 uvc-2071 \" data-hspacer=\"no_spacer\"  data-halign=\"center\" style=\"text-align:center\"><div class=\"uvc-heading-spacer no_spacer\" style=\"top\"><\/div><div class=\"uvc-main-heading ult-responsive\"  data-ultimate-target='.uvc-heading.ultimate-heading-50269e372caa1c25 h1'  data-responsive-json-new='{\"font-size\":\"desktop:70px;\",\"line-height\":\"desktop:80px;\"}' ><h1 style=\"--font-weight:theme;color:#ffffff;\">Contacto<\/h1><\/div><\/div>[\/vc_column][\/vc_row][vc_row][vc_column][vc_column_text]Puede contactar con nosotros de diferentes formas. Puede utilizar el formulario de esta p\u00e1gina, donde realizar cualquier consulta, comentario o solicitud. Tambi\u00e9n nos puede llamar por tel\u00e9fono al m\u00f3vil que le indicamos, y podr\u00e1 ponerse en contacto con nuestro coordinador Jordi. Por \u00faltimo, a trav\u00e9s de email tambi\u00e9n nos puede hacer llegar su mensaje.<\/p>\n<p>\u00a1Le atenderemos gustosamente![\/vc_column_text][\/vc_column][\/vc_row][vc_row full_width=\u00bbstretch_row\u00bb equal_height=\u00bbyes\u00bb content_placement=\u00bbtop\u00bb bg_type=\u00bbimage\u00bb parallax_style=\u00bbvcpb-default\u00bb bg_image_repeat=\u00bbno-repeat\u00bb bg_image_size=\u00bbinitial\u00bb bg_image_posiiton=\u00bbright bottom\u00bb css=\u00bb.vc_custom_1666111894556{background-color: #34421e !important;}\u00bb][vc_column width=\u00bb3\/4&#8243; css=\u00bb.vc_custom_1562003235102{margin-bottom: 50px !important;}\u00bb]<form class=\"dt-contact-form dt-form\" method=\"post\"><input type=\"hidden\" name=\"widget_id\" value=\"presscore-contact-form-widget--1\" \/><input type=\"hidden\" name=\"send_message\" value=\"\" \/><input type=\"hidden\" name=\"security_token\" value=\"d7935213295eb9e50bee\"\/><div class=\"form-fields\"><span class=\"form-name\"><label class=\"assistive-text\">Nombre *<\/label><input type=\"text\" class=\"validate[required]\" placeholder=\"Nombre *\" name=\"name\" value=\"\" aria-required=\"true\">\n<\/span><span class=\"form-mail\"><label class=\"assistive-text\">E-mail *<\/label><input type=\"text\" class=\"validate[required,custom[email]]\" placeholder=\"E-mail *\" name=\"email\" value=\"\" aria-required=\"true\">\n<\/span><span class=\"form-telephone\"><label class=\"assistive-text\">Tel\u00e9fono<\/label><input type=\"text\" placeholder=\"Tel\u00e9fono\" name=\"telephone\" value=\"\" aria-required=\"false\">\n<\/span><\/div><span class=\"form-message\"><label class=\"assistive-text\">Mensaje<\/label><textarea placeholder=\"Mensaje\" name=\"message\" rows=\"6\" aria-required=\"false\"><\/textarea>\n<\/span><div class=\"the7-g-captcha\"><\/div><p><a href=\"#\" class=\"dt-btn dt-btn-m dt-btn-submit\" rel=\"nofollow\"><span>Enviar Mensaje<\/span><\/a><input class=\"assistive-text\" type=\"submit\" value=\"enviar\"><\/p><\/form>\n[\/vc_column][vc_column width=\u00bb1\/4&#8243;]<div id=\"ultimate-heading-376869e372caa1ef2\" class=\"uvc-heading ult-adjust-bottom-margin ultimate-heading-376869e372caa1ef2 uvc-7841  uvc-heading-default-font-sizes\" data-hspacer=\"no_spacer\"  data-halign=\"left\" style=\"text-align:left\"><div class=\"uvc-heading-spacer no_spacer\" style=\"top\"><\/div><div class=\"uvc-sub-heading ult-responsive\"  data-ultimate-target='.uvc-heading.ultimate-heading-376869e372caa1ef2 .uvc-sub-heading '  data-responsive-json-new='{\"font-size\":\"\",\"line-height\":\"desktop:27px;\"}'  style=\"font-weight:normal;color:#ffffff;margin-bottom:50px;\">DIRECCI\u00d3N:<br \/>\nC. de Bellver, 3 \u2022 08207-Sabadell (Barcelona)<br \/>\n<a href=\"https:\/\/jesed.cat\/index.php\/donde-estamos\/\">VER MAPA<\/a><\/div><\/div><div id=\"ultimate-heading-485769e372caa1f42\" class=\"uvc-heading ult-adjust-bottom-margin ultimate-heading-485769e372caa1f42 uvc-8773  uvc-heading-default-font-sizes\" data-hspacer=\"no_spacer\"  data-halign=\"left\" style=\"text-align:left\"><div class=\"uvc-heading-spacer no_spacer\" style=\"top\"><\/div><div class=\"uvc-sub-heading ult-responsive\"  data-ultimate-target='.uvc-heading.ultimate-heading-485769e372caa1f42 .uvc-sub-heading '  data-responsive-json-new='{\"font-size\":\"\",\"line-height\":\"desktop:27px;\"}'  style=\"font-weight:normal;color:#ffffff;margin-bottom:50px;\">TEL\u00c9FONO:<br \/>\n625 49 70 44<\/div><\/div><div id=\"ultimate-heading-543269e372caa1f8c\" class=\"uvc-heading ult-adjust-bottom-margin ultimate-heading-543269e372caa1f8c uvc-7389  uvc-heading-default-font-sizes\" data-hspacer=\"no_spacer\"  data-halign=\"left\" style=\"text-align:left\"><div class=\"uvc-heading-spacer no_spacer\" style=\"top\"><\/div><div class=\"uvc-sub-heading ult-responsive\"  data-ultimate-target='.uvc-heading.ultimate-heading-543269e372caa1f8c .uvc-sub-heading '  data-responsive-json-new='{\"font-size\":\"\",\"line-height\":\"desktop:27px;\"}'  style=\"font-weight:normal;color:#ffffff;margin-bottom:50px;\">EMAIL:<br \/>\n<img loading=\"lazy\" decoding=\"async\" class=\"alignnone size-full wp-image-1539\" src=\"https:\/\/jesed.cat\/wp-content\/uploads\/2022\/10\/email.png\" alt=\"\" width=\"186\" height=\"25\" \/><\/div><\/div>[\/vc_column][\/vc_row]<\/p>\n<\/div>","protected":false},"excerpt":{"rendered":"<p>[vc_row bg_type=\u00bbimage\u00bb parallax_style=\u00bbvcpb-default\u00bb bg_image_new=\u00bbid^883|url^https:\/\/jesed.cat\/wp-content\/uploads\/2019\/07\/bg-art-church.png|caption^null|alt^null|title^bg-art-church|description^null\u00bb bg_image_repeat=\u00bbno-repeat\u00bb bg_override=\u00bbfull\u00bb enable_overlay=\u00bbenable_overlay_value\u00bb overlay_color=\u00bbrgba(52,66,30,0.5)\u00bb overlay_pattern_opacity=\u00bb10&#8243; css=\u00bb.vc_custom_1666111778179{padding-top: 15px !important;padding-bottom: 50px !important;}\u00bb][vc_column][\/vc_column][\/vc_row][vc_row][vc_column][vc_column_text]Puede contactar con nosotros de diferentes formas. Puede utilizar el formulario de esta p\u00e1gina, donde realizar cualquier consulta, comentario o solicitud. Tambi\u00e9n nos puede llamar por tel\u00e9fono al m\u00f3vil que le indicamos, y podr\u00e1 ponerse en contacto con nuestro coordinador Jordi. Por&hellip;<\/p>\n","protected":false},"author":1,"featured_media":0,"parent":0,"menu_order":0,"comment_status":"closed","ping_status":"closed","template":"","meta":{"give_campaign_id":0,"footnotes":""},"class_list":["post-1779","page","type-page","status-publish","hentry","description-off"],"campaignId":"","_links":{"self":[{"href":"https:\/\/jesed.cat\/index.php\/wp-json\/wp\/v2\/pages\/1779","targetHints":{"allow":["GET"]}}],"collection":[{"href":"https:\/\/jesed.cat\/index.php\/wp-json\/wp\/v2\/pages"}],"about":[{"href":"https:\/\/jesed.cat\/index.php\/wp-json\/wp\/v2\/types\/page"}],"author":[{"embeddable":true,"href":"https:\/\/jesed.cat\/index.php\/wp-json\/wp\/v2\/users\/1"}],"replies":[{"embeddable":true,"href":"https:\/\/jesed.cat\/index.php\/wp-json\/wp\/v2\/comments?post=1779"}],"version-history":[{"count":15,"href":"https:\/\/jesed.cat\/index.php\/wp-json\/wp\/v2\/pages\/1779\/revisions"}],"predecessor-version":[{"id":1862,"href":"https:\/\/jesed.cat\/index.php\/wp-json\/wp\/v2\/pages\/1779\/revisions\/1862"}],"wp:attachment":[{"href":"https:\/\/jesed.cat\/index.php\/wp-json\/wp\/v2\/media?parent=1779"}],"curies":[{"name":"wp","href":"https:\/\/api.w.org\/{rel}","templated":true}]}}